{"id":190,"date":"2026-01-13T08:13:37","date_gmt":"2026-01-13T08:13:37","guid":{"rendered":"https:\/\/amapbiorillac.com\/?page_id=190"},"modified":"2026-02-02T11:43:00","modified_gmt":"2026-02-02T11:43:00","slug":"anton-zastavnij","status":"publish","type":"page","link":"https:\/\/amapbiorillac.com\/index.php\/anton-zastavnij\/","title":{"rendered":"Anton ZASTAVNIJ"},"content":{"rendered":"\t\t<div data-elementor-type=\"wp-page\" data-elementor-id=\"190\" class=\"elementor elementor-190\">\n\t\t\t\t<div class=\"elementor-element elementor-element-2b6a7455 e-flex e-con-boxed e-con e-parent\" data-id=\"2b6a7455\" data-element_type=\"container\" data-e-type=\"container\">\n\t\t\t\t\t<div class=\"e-con-inner\">\n\t\t\t\t<div class=\"elementor-element elementor-element-7b8d1e92 elementor-widget elementor-widget-text-editor\" data-id=\"7b8d1e92\" data-element_type=\"widget\" data-e-type=\"widget\" data-widget_type=\"text-editor.default\">\n\t\t\t\t\t\t\t\t\t<p><span dir=\"auto\" style=\"vertical-align: inherit;\"><span dir=\"auto\" style=\"vertical-align: inherit;\"><span dir=\"auto\" style=\"vertical-align: inherit;\">Anton produit de la bi\u00e8re artisanale : &#8220;La Chourlie&#8221; \u00e0 S\u00e9nezergues sous le label &#8220;Nature et Progr\u00e8s&#8221;&nbsp;<\/span><\/span><\/span><\/p><p><span dir=\"auto\" style=\"vertical-align: inherit;\"><span dir=\"auto\" style=\"vertical-align: inherit;\"><span dir=\"auto\" style=\"vertical-align: inherit;\"><span style=\"color: rgb(8, 8, 9); font-family: &quot;Segoe UI Historic&quot;, &quot;Segoe UI&quot;, Helvetica, Arial, sans-serif; font-size: 15px; letter-spacing: normal; white-space-collapse: preserve;\">La Chourlie est une bi\u00e8re blonde brass\u00e9e avec du malt local\/bio. <\/span><\/span><\/span><\/span><\/p>\t\t\t\t\t\t\t\t<\/div>\n\t\t\t\t\t<\/div>\n\t\t\t\t<\/div>\n\t\t<div class=\"elementor-element elementor-element-45e77d1 e-grid e-con-boxed e-con e-parent\" data-id=\"45e77d1\" data-element_type=\"container\" data-e-type=\"container\">\n\t\t\t\t\t<div class=\"e-con-inner\">\n\t\t\t\t<div class=\"elementor-element elementor-element-a621bd6 elementor-widget elementor-widget-image\" data-id=\"a621bd6\" data-element_type=\"widget\" data-e-type=\"widget\" data-widget_type=\"image.default\">\n\t\t\t\t\t\t\t\t\t\t\t\t\t\t\t<img fetchpriority=\"high\" decoding=\"async\" width=\"640\" height=\"853\" src=\"https:\/\/amapbiorillac.com\/wp-content\/uploads\/2026\/02\/123652956_10223884124832168_2869873115482142248_n-768x1024.jpg\" class=\"attachment-large size-large wp-image-275\" alt=\"\" srcset=\"https:\/\/amapbiorillac.com\/wp-content\/uploads\/2026\/02\/123652956_10223884124832168_2869873115482142248_n-768x1024.jpg 768w, https:\/\/amapbiorillac.com\/wp-content\/uploads\/2026\/02\/123652956_10223884124832168_2869873115482142248_n-225x300.jpg 225w, https:\/\/amapbiorillac.com\/wp-content\/uploads\/2026\/02\/123652956_10223884124832168_2869873115482142248_n-1152x1536.jpg 1152w, https:\/\/amapbiorillac.com\/wp-content\/uploads\/2026\/02\/123652956_10223884124832168_2869873115482142248_n.jpg 1530w\" sizes=\"(max-width: 640px) 100vw, 640px\" \/>\t\t\t\t\t\t\t\t\t\t\t\t\t\t\t<\/div>\n\t\t\t\t\t<\/div>\n\t\t\t\t<\/div>\n\t\t\t\t<\/div>\n\t\t","protected":false},"excerpt":{"rendered":"<p>Anton produit de la bi\u00e8re artisanale : &#8220;La Chourlie&#8221; \u00e0 S\u00e9nezergues sous le label &#8220;Nature et Progr\u00e8s&#8221;&nbsp; La Chourlie est une bi\u00e8re blonde brass\u00e9e avec du malt local\/bio.<\/p>\n","protected":false},"author":1,"featured_media":0,"parent":0,"menu_order":0,"comment_status":"closed","ping_status":"closed","template":"","meta":{"footnotes":""},"class_list":["post-190","page","type-page","status-publish","hentry"],"_links":{"self":[{"href":"https:\/\/amapbiorillac.com\/index.php\/wp-json\/wp\/v2\/pages\/190","targetHints":{"allow":["GET"]}}],"collection":[{"href":"https:\/\/amapbiorillac.com\/index.php\/wp-json\/wp\/v2\/pages"}],"about":[{"href":"https:\/\/amapbiorillac.com\/index.php\/wp-json\/wp\/v2\/types\/page"}],"author":[{"embeddable":true,"href":"https:\/\/amapbiorillac.com\/index.php\/wp-json\/wp\/v2\/users\/1"}],"replies":[{"embeddable":true,"href":"https:\/\/amapbiorillac.com\/index.php\/wp-json\/wp\/v2\/comments?post=190"}],"version-history":[{"count":4,"href":"https:\/\/amapbiorillac.com\/index.php\/wp-json\/wp\/v2\/pages\/190\/revisions"}],"predecessor-version":[{"id":278,"href":"https:\/\/amapbiorillac.com\/index.php\/wp-json\/wp\/v2\/pages\/190\/revisions\/278"}],"wp:attachment":[{"href":"https:\/\/amapbiorillac.com\/index.php\/wp-json\/wp\/v2\/media?parent=190"}],"curies":[{"name":"wp","href":"https:\/\/api.w.org\/{rel}","templated":true}]}}