{"id":194,"date":"2026-01-13T08:17:26","date_gmt":"2026-01-13T08:17:26","guid":{"rendered":"https:\/\/amapbiorillac.com\/?page_id=194"},"modified":"2026-02-02T11:38:12","modified_gmt":"2026-02-02T11:38:12","slug":"gaec-de-puy-basset","status":"publish","type":"page","link":"https:\/\/amapbiorillac.com\/index.php\/gaec-de-puy-basset\/","title":{"rendered":"Gaec de Puy Basset"},"content":{"rendered":"\t\t<div data-elementor-type=\"wp-page\" data-elementor-id=\"194\" class=\"elementor elementor-194\">\n\t\t\t\t<div class=\"elementor-element elementor-element-62b48b63 e-flex e-con-boxed e-con e-parent\" data-id=\"62b48b63\" data-element_type=\"container\" data-e-type=\"container\">\n\t\t\t\t\t<div class=\"e-con-inner\">\n\t\t\t\t<div class=\"elementor-element elementor-element-6a7fa9b1 elementor-widget elementor-widget-text-editor\" data-id=\"6a7fa9b1\" data-element_type=\"widget\" data-e-type=\"widget\" data-widget_type=\"text-editor.default\">\n\t\t\t\t\t\t\t\t\t<p class=\"resume-presentation\">Eleveurs de vache Salers, d&#8217;Angus Rouge et producteurs de pommes de terre BIO, nous vous proposons les oeufs de notre poulailler \u00e0 Arpajon-sur-C\u00e8re.<\/p><div>Les \u0153ufs que nous vous proposons ont l\u2019appellation &#8220;<strong>fermier<\/strong>&#8220;, car ils sont ramass\u00e9s et conditionn\u00e9s \u00e0 la main et issus d&#8217;un poulailler \u00e0 taille humaine, dans une ferme proposant d&#8217;autre productions.<\/div><div>Nous respectons le cahier des charges de l&#8217;<strong>agriculture biologique<\/strong>, des plus exigeants pour le respect du bien-\u00eatre animal, avec un grand parc avec haies et abris naturels, en plantation actuellement, et un poulailler spacieux, sur paille, pour que les poules puissent exprimer au maximum leurs instincts naturels.<\/div><div>L&#8217;<strong>alimentation<\/strong>\u00a0est\u00a0<strong>produite sur la ferme<\/strong>, issue en grande partie de nos c\u00e9r\u00e9ales cultiv\u00e9es sur la ferme (sans engrais azot\u00e9 ni traitement chimique), comme le bl\u00e9, l&#8217;orge ou le m\u00e9teil (association de poix fourrager et de c\u00e9r\u00e9ales). Aucun additif n&#8217;est employ\u00e9 pour la coloration du jaune, donc cette couleur pourra varier en fonction du temps, du fait que les poules ing\u00e8rent plus ou moins d&#8217;herbe ou de vers de terre.<\/div>\t\t\t\t\t\t\t\t<\/div>\n\t\t\t\t\t<\/div>\n\t\t\t\t<\/div>\n\t\t<div class=\"elementor-element elementor-element-2b0efbe e-flex e-con-boxed e-con e-parent\" data-id=\"2b0efbe\" data-element_type=\"container\" data-e-type=\"container\">\n\t\t\t\t\t<div class=\"e-con-inner\">\n\t\t\t\t<div class=\"elementor-element elementor-element-755e1e6 elementor-widget__width-initial elementor-widget elementor-widget-image\" data-id=\"755e1e6\" data-element_type=\"widget\" data-e-type=\"widget\" data-widget_type=\"image.default\">\n\t\t\t\t\t\t\t\t\t\t\t\t\t\t\t<img fetchpriority=\"high\" decoding=\"async\" width=\"640\" height=\"360\" src=\"https:\/\/amapbiorillac.com\/wp-content\/uploads\/2025\/11\/583351962_693111136864054_3339426034476265360_n-1024x576.jpg\" class=\"attachment-large size-large wp-image-133\" alt=\"\" srcset=\"https:\/\/amapbiorillac.com\/wp-content\/uploads\/2025\/11\/583351962_693111136864054_3339426034476265360_n-1024x576.jpg 1024w, https:\/\/amapbiorillac.com\/wp-content\/uploads\/2025\/11\/583351962_693111136864054_3339426034476265360_n-300x169.jpg 300w, https:\/\/amapbiorillac.com\/wp-content\/uploads\/2025\/11\/583351962_693111136864054_3339426034476265360_n-768x432.jpg 768w, https:\/\/amapbiorillac.com\/wp-content\/uploads\/2025\/11\/583351962_693111136864054_3339426034476265360_n.jpg 1280w\" sizes=\"(max-width: 640px) 100vw, 640px\" \/>\t\t\t\t\t\t\t\t\t\t\t\t\t\t\t<\/div>\n\t\t\t\t\t<\/div>\n\t\t\t\t<\/div>\n\t\t\t\t<\/div>\n\t\t","protected":false},"excerpt":{"rendered":"<p>Eleveurs de vache Salers, d&#8217;Angus Rouge et producteurs de pommes de terre BIO, nous vous proposons les oeufs de notre poulailler \u00e0 Arpajon-sur-C\u00e8re. Les \u0153ufs que nous vous proposons ont l\u2019appellation &#8220;fermier&#8220;, car ils sont ramass\u00e9s et conditionn\u00e9s \u00e0 la main et issus d&#8217;un poulailler \u00e0 taille humaine, dans une ferme proposant d&#8217;autre productions.Nous respectons [&hellip;]<\/p>\n","protected":false},"author":1,"featured_media":0,"parent":0,"menu_order":0,"comment_status":"closed","ping_status":"closed","template":"","meta":{"footnotes":""},"class_list":["post-194","page","type-page","status-publish","hentry"],"_links":{"self":[{"href":"https:\/\/amapbiorillac.com\/index.php\/wp-json\/wp\/v2\/pages\/194","targetHints":{"allow":["GET"]}}],"collection":[{"href":"https:\/\/amapbiorillac.com\/index.php\/wp-json\/wp\/v2\/pages"}],"about":[{"href":"https:\/\/amapbiorillac.com\/index.php\/wp-json\/wp\/v2\/types\/page"}],"author":[{"embeddable":true,"href":"https:\/\/amapbiorillac.com\/index.php\/wp-json\/wp\/v2\/users\/1"}],"replies":[{"embeddable":true,"href":"https:\/\/amapbiorillac.com\/index.php\/wp-json\/wp\/v2\/comments?post=194"}],"version-history":[{"count":4,"href":"https:\/\/amapbiorillac.com\/index.php\/wp-json\/wp\/v2\/pages\/194\/revisions"}],"predecessor-version":[{"id":272,"href":"https:\/\/amapbiorillac.com\/index.php\/wp-json\/wp\/v2\/pages\/194\/revisions\/272"}],"wp:attachment":[{"href":"https:\/\/amapbiorillac.com\/index.php\/wp-json\/wp\/v2\/media?parent=194"}],"curies":[{"name":"wp","href":"https:\/\/api.w.org\/{rel}","templated":true}]}}